**2 - 46*m - 14. Let z be t(-15). Let p be ((-40)/(-120))/(z*(-1)/(-21)). Let r(k) = k**2 - 6*k - 2. What is r(p)?
5
Suppose -45 = -2*g - 7*g. Let x(u) = -5*u - 6*u + g*u - u. Determine x(-1).
7
Suppose -4*t + 19 = -y, 4*y + 21 - 10 = 3*t. Let v = 3 - 2. Let x(w) = -17*w - 3 - 6*w**2 + 23*w + v + w**3. What is x(t)?
3
Let h(n) = 2*n**2 - 2*n - 10. Let r be 4/(-18) - 6/(-27). What is h(r)?
-10
Let h(f) = -f**3 - f**2 + 4*f + 2. Let w be 7/(-14)*3*4. Let j(p) = -3*p + 36*p**2 + 3 - 2*p - 37*p**2. Let n be j(w). Calculate h(n).
8
Let d(l) = 17*l + 21*l - 3 - 37*l. Suppose 2*c - 18 = h, 0*h + 4*h = -2*c + 18. Determine d(c).
6
Let q(f) = -f**2 - 9*f. Let p be ((-4)/((-44)/55))/(1/(-2)). Give q(p).
-10
Suppose -13*k = 17 + 35. Let p(v) = 4*v**2 + 5*v - 1. Let q(c) = 7*c**2 + 10*c - 1. Let d(y) = -5*p(y) + 3*q(y). Calculate d(k).
-2
Let s be 12/8 + 1/2. Suppose -d - 2 + 4 = 3*h, -2*d = s*h. Let w(g) = 2*g**2 + g + g - 2 + 3. Give w(d).
1
Suppose 0 = 2*v - 20 + 8. Let s(d) = -d + 6. Give s(v).
0
Let d(b) = -2*b - 5*b**2 - 194 + 194. Determine d(-2).
-16
Let y(c) be the second derivative of 1/12*c**4 - c + 1/20*c**5 + 0*c**3 + 0 - 1/2*c**2. Suppose -3*d - 4 = -d. Determine y(d).
-5
Let q(o) = -1. Let s(c) = 2*c + 3. Let i = 20 + -24. Let r(x) = i*q(x) - s(x). Let m be (6/9)/((-1)/3). What is r(m)?
5
Suppose -d - h + 8 = -3*h, d - 5 = -h. Suppose -3*w - 3*z - 27 = -6*w, 0 = -5*w + 2*z + 39. Let t(s) = s**2 + w - 2*s**2 + 3*s + 2*s. Give t(d).
1
Suppose g = -3*g - 48. Let w(t) be the second derivative of -t**5/20 - 11*t**4/12 + 11*t**3/6 - 7*t**2 - 41*t. Give w(g).
-2
Let v = -4 + 2. Let h(r) be the second derivative of -r**5/60 - r**4/12 + r**3/6 - r**2 + 20*r. Let z(w) be the first derivative of h(w). Calculate z(v).
1
Let u(s) = s - 2. Let x = 124 - 120. Determine u(x).
2
Let g(a) = -a + 2 - 2 - 3*a**3. Suppose 0 = 19*f - 16*f - 5*z - 8, 3*z = 3*f - 6. Determine g(f).
-4
Suppose -5*h + 2*o + 25 = -o, 5*h - o = 25. Suppose -h*p = -58 - 77. Let k = p - 21. Let m(q) = 3*q - 8. Calculate m(k).
10
Let p(y) = 2*y + 5. Let w(j) = j**3 - 14*j**2 + 9*j + 27. Let b be w(13). Let m be (-1)/5 - ((-145)/b - 1). What is p(m)?
-5
Let g = -6 + 2. Suppose -4*b + 2*k = -6, k = -5*b + 6*k. Let n(j) = 44 - j**2 - 46 - b*j - 2*j. Calculate n(g).
2
Suppose -6*g + 2*g = -3*w + 32, 2*g + 4 = 0. Suppose 22 = 6*y - w. Let r = y - 7. Let t(a) = a**3 + a**2 - 4*a - 3. What is t(r)?
1
Let c(n) be the third derivative of n**6/60 - n**5/15 + n**4/8 - n**2. Suppose 4*s = -9*j + 4*j + 10, -3*j - 2*s + 6 = 0. Give c(j).
6
Let a(o) be the first derivative of -3*o**2 + o - 131. Suppose r = -2*w, 0*w + 2*r = -2*w - 2. Give a(w).
-5
Let i = -99 + 166. Let v = i + -70. Let x(u) = -8*u**2 + 4*u - 9. Let z(j) = -7*j**2 + 3*j - 8. Let h(a) = -6*x(a) + 7*z(a). Determine h(v).
-2
Let o be (-7 - 8)*2/(-5). Let z(j) = -9*j + 6. Let g(n) = 8*n - 5. Let c(q) = o*z(q) + 7*g(q). Calculate c(2).
5
Let a(s) be the first derivative of 11 - 1/4*s**4 - 2*s**2 - 5/3*s**3 - 6*s. What is a(-4)?
-6
Let y(u) = -8*u**2 + 53*u + 11. Let z(g) = -4*g**2 + 24*g + 5. Let b(j) = 5*y(j) - 11*z(j). Let s be (-8)/6 + (-4)/6. Determine b(s).
14
Let c(a) = -a**3 - 5*a**2 + 2*a + 2. Suppose 13 = -l + 4*r, l - 11*r = -13*r - 1. Determine c(l).
-8
Let h(z) = 2*z**3 + 14*z**2 + 2*z - 13. Let w(a) = a**3 + 7*a**2 + a - 6. Let n = 13 + -8. Let u(d) = n*w(d) - 2*h(d). Give u(-7).
-11
Let h(k) = -11*k**2 + 17*k - 14. Let p(q) = -13*q**2 + 19*q - 17. Let f(u) = 6*h(u) - 5*p(u). Let m = -7 - -15. Give f(m).
-7
Let t(u) = u**2 + u - 1. Let w(m) = -m**2 - 10*m - 1. Let k(x) = -2*t(x) - w(x). Let f(r) = -r**3 - 19*r**2 - 16*r + 42. Let q be f(-18). What is k(q)?
15
Let l(t) be the third derivative of t**7/2520 + t**6/144 - 3*t**5/40 - 2*t**4/3 - 21*t**2. Let y(m) be the second derivative of l(m). What is y(-7)?
5
Let j(t) = -5*t - 5. Let d(l) = 6*l + 7. Let h(f) = 4*d(f) + 5*j(f). Calculate h(4).
-1
Let z(s) = s**3 - 4*s**2 + s - 2. Let i(o) = -o**2 + 2. Let n be i(0). Suppose -g - n = -2*a, 0 = -4*g + 2*a + a + 2. Let b = g + 1. Calculate z(b).
-8
Let s(g) = g + 5. Let f(h) = h**3 - 17*h**2 + 54*h - 3. Let l be f(4). Determine s(l).
10
Suppose 197 - 5 = 48*x. Let s(p) = 2*p**3 + 3*p**3 + 6 - 6*p - 4*p**3 - 3*p**2. What is s(x)?
-2
Suppose -d = -3*d + 6. Suppose -4*a + d*n + n + 28 = 0, 3*n + 29 = 4*a. Let i(z) = -z**2 + 2 + a*z - 8*z. Determine i(-3).
-7
Let q(b) be the third derivative of 0 + 4/3*b**3 - 1/12*b**4 - 5*b**2 + 0*b. Calculate q(6).
-4
Let v(l) = l - 1. Let r(b) = -b**2 + 2*b + 3. Let n be r(3). Suppose 0 = -k + 5*a - 14, n = -0*k - 3*k - 3*a + 30. Let t = -5 + k. What is v(t)?
0
Suppose 5*w = -12 - 3, f = -w + 26. Suppose 3*n - f = -26. Let i(j) = 2*j**2 + j - 1. Calculate i(n).
2
Let w(b) = -b + 1. Suppose -2 = j - x, 0 = 5*j - 0*x + 5*x - 20. Let s(u) = u**2 - 5*u. Let q(t) = j*s(t) - 3*w(t). What is q(3)?
0
Suppose 32*m + 15 = 29*m. Let v(a) be the second derivative of -1/20*a**5 - 6*a + 0 - 5/2*a**2 - 1/2*a**4 - 7/6*a**3. Calculate v(m).
5
Let o be 1/(-3 - -5 - (-10)/(-6)). Let g(a) = -1 + a - 71*a**3 - 3*a**2 + 1 + 70*a**o. What is g(-2)?
-6
Suppose 4*l + 48 = -2*l. Let h(d) = 6*d**3 - 24*d**2 + 41*d - 56. Let o(n) = n**3 - 5*n**2 + 8*n - 11. Let q(a) = -2*h(a) + 11*o(a). Give q(l).
7
Suppose a + 4 = -4*c + 5*a, -a - 1 = -3*c. Suppose 2 = -2*k + 8. Let o(m) = -9*m + 1 + m - k + 1. Determine o(c).
-9
Let d(i) = -i**2 + 27*i + 94. Let c be d(-3). Let m(v) be the third derivative of 1/2*v**3 + 1/8*v**c - 2*v**2 + 0 + 0*v. Give m(-2).
-3
Let d(b) = -2*b**3 - 5*b**2 + 5*b - 7. Let p(r) = r**3 + r. Let f(i) = -d(i) - p(i). Give f(-6).
7
Let g(p) be the first derivative of p**4/4 + 7*p**3/3 - p**2 - 4*p + 59. Determine g(-7).
10
Let t(k) be the second derivative of 0 - k - 2*k**2 + 0*k**3 + 1/12*k**4. Let b be t(-3). Let y(l) = l**3 - 5*l**2 - 2*l + 7. Calculate y(b).
-3
Let h = 5 - 0. Let i(s) = s - 1. Let j(x) = -x + 1. Let v(b) = h*i(b) + 3*j(b). Suppose -3*u - 12 = u. What is v(u)?
-8
Let j(g) be the first derivative of g**2/2 - 2*g - 84. Calculate j(5).
3
Suppose 0 = -k - 6*k + 14. Suppose -a + 2*a = k. Let p(r) = 4*r**2 + r - 1. Determine p(a).
17
Let c(l) = -3*l - 3 - 2*l**2 + 0*l - 7*l + 2*l. Suppose 10 = -2*n - 0*n. Determine c(n).
-13
Let o(i) = -i - 8. Suppose -15*p = -14*p - 4. Suppose p*k + 3 + 1 = 2*r, r + 2*k + 18 = 0. What is o(r)?
0
Let r(d) be the third derivative of d**4/8 - 17*d**3/3 - 216*d**2. Give r(14).
8
Let h(p) be the first derivative of -1/4*p**4 + 7*p - 2*p**3 + 14 - 3/2*p**2. Give h(-5).
-3
Let i(h) = -h**2 + h + 4. Let r be 2 + 1 - (-1 - 1). Suppose g = -b + 14, -g - 49 = -3*g + r*b. Let t = g + -17. What is i(t)?
4
Let f(p) be the third derivative of -p**5/120 - p**4/12 + 17*p**3/3 + 4*p**2 - 3*p. Let v(x) be the first derivative of f(x). Determine v(5).
-7
Let y(p) = 27*p - 18. Let o(s) = 5*s - 3. Let k(j) = -11*o(j) + 2*y(j). Suppose 2*z + 3*z + 25 = 0. Give k(z).
2
Let l = 136 + -137. Suppose 2*b - 14 - 42 = 0. Let v(c) = -c**2 + b*c + 5*c**3 - 28*c + 1. Determine v(l).
-5
Let t(l) = l**2 + l + 1. Suppose 16 = 4*w, 0 = v + 2*v - 2*w + 53. Let s be 21/5 - (-3)/v. Suppose 2*q - j = s*j + 18, -3*j = -2*q + 10. Determine t(q).
1
Let v(g) = -g - 5. Let y be (-10)/1 + (-27)/(-9). Let o be v(y). Let f(w) = -w**o - w + 4*w**2 - 9*w**2. Give f(1).
-7
Let m(c) = -c**2 - 13*c + 27. Suppose 46*w + 336 = 22*w. Calculate m(w).
13
Suppose -315*w = -314*w + 3. Let x(p) = p**3 - 2*p**2 - 3*p. Calculate x(w).
-36
Suppose -3*q + 3 = -78. Let k = q + -26. Let y(z) = z**3 + 2*z**2 - z. Determine y(k).
2
Let q(o) = o**2 - 2. Suppose -2*x = -6 + 12. Give q(x).
7
Let z(w) = w - 17. Let g be z(17). Suppose -b + 3 = -5*b - l, g = b - 2*l + 3. Let c(s) = 10*s**3 - s**2 + 1. Determine c(b).
-10
Let b(m) be the second derivative of -m**4/24 - 3*m**2/2 - 8*m. Let g(t) be the first derivative of b(t). Give g(-5).
5
Suppose 4*t - 4*r = 4, 4*t - 4*r - 3 = r. Let h(w) = 14 - 11 + t*w**3 - 7*w + 6*w + 2*w**2 - w. Give h(2).
23
Let h(c) = -c**2 - 5*c. Let s(b) = -b - 6 + 5*b + 13*b**3 - 3*b - 14*b**3. Let d be s(0). Determine h(d).
-6
Let n(v) be the third derivative of v**5/30 - 5*v**4/24 + v**3/3 - 7*v**2. Let b be n(3). Suppose 1 = -a - b. Let o(g) = -g - 5. What is o(a)?
1
Let f(u) = -u**3 + 24*u**2 - 22*u - 19. 